at are the prime factors of 79/11 - (-10)/o?
7
Let j be (-4)/18 + (-22)/(-18). Let d(s) = s + 0 + 1 + j. What are the prime factors of d(4)?
2, 3
Let p = 6 - -4. Suppose a = -a - p. Let j = a + 12. List the prime factors of j.
7
Suppose 5 = -5*k - 5*f, -4*k - 2*f - 5 = 1. Let x(h) = -4*h - 1. List the prime factors of x(k).
7
Suppose -2*l + 6 = 3*o - 3*l, 0 = 5*o + 2*l - 21. Let c(h) = h**2 - 4. Let x be c(-3). Let s = x + o. What are the prime factors of s?
2
Let k be 2/(-7) + 8/28. Suppose -3*b - 3*z = -z - 61, k = -3*b + 3*z + 66. What are the prime factors of b?
3, 7
Suppose -5*g = -k - 2*k + 605, 5*k + 5*g - 955 = 0. What are the prime factors of k?
3, 5, 13
Let c be 2 - (-1 + 4 + 1). List the prime factors of 12/3*(-23)/c.
2, 23
Let i = 61 - 42. Suppose -4*k = 2*o + k + 14, 42 = -4*o - 3*k. Let v = o + i. What are the prime factors of v?
7
What are the prime factors of (22/8)/(10/320)?
2, 11
Suppose -o + 5*o = 76. Let r = o - 12. List the prime factors of r.
7
What are the prime factors of 3836/42*6/4?
137
Let y(b) = -b**3 + 4*b**2 - 2*b - 2. Let h be y(4). List the prime factors of h/(-4)*(1 - -3).
2, 5
List the prime factors of 1/((14/(-16))/(-7)).
2
Suppose -420 = -4*d + 68. What are the prime factors of d?
2, 61
Let k(j) = -2*j**3 + 17*j**2 + 22*j - 4. List the prime factors of k(9).
113
Let m = 4 - 3. Suppose 0*c = -4*c - 8. What are the prime factors of 0 + (m*c - -11)?
3
Let w be -93*(8/(-6) + 0). Let r = w + -89. List the prime factors of (-116)/(-10) - (-14)/r.
2, 3
Let n(m) = 2*m**2 - 2*m + 6. Let t(r) = -2*r - 6. Let s be t(-5). Let b be n(s). Let k = b + -19. What are the prime factors of k?
11
Suppose -10*v - 231 = -11*v + 2*r, -5*r = 4*v - 937. List the prime factors of v.
233
Suppose 0*v - 3*p - 21 = -3*v, 2*v - p - 17 = 0. Suppose -10 = -2*j - 3*i, 0 = -0*j - j - 4*i + v. Suppose -j*r = -r - 11. What are the prime factors of r?
11
Suppose 24 = 7*n - 3*n. Let j = 5 - n. Let h = j - -5. What are the prime factors of h?
2
Let u(a) = a**3 + 2*a**2 - a. Let o be u(-2). Suppose -4 = 2*y - 2*l, 2*l - o - 9 = -5*y. What are the prime factors of y/(-3) - 32/(-6)?
5
Suppose 2*t + 3 = -3*c, -5*c - 3 = -t - 2*c. Suppose y - 6*y + 75 = t. List the prime factors of y.
3, 5
Suppose -3 = 2*h - 15. Suppose 4*x = 16, -d - 5*x = -h*d. What are the prime factors of d?
2
Let c(r) = -53*r. Let a be c(-4). What are the prime factors of a/26 - 4/26?
2
Let x = 9 - 5. Suppose 0 = -x*n + 2*n + 48. List the prime factors of n.
2, 3
Let o(g) be the second derivative of -g**3/6 + 4*g. What are the prime factors of o(-5)?
5
Suppose 0 = -3*k, 2*b - k - 2*k = 4. Suppose x - 2 = -7, -b*t = -x - 19. What are the prime factors of t?
7
Let x(v) = v - 11. Let k be x(9). Suppose -n = -p - 3*n + 8, -3*p + 3*n = -15. What are the prime factors of (21/p + k)*4?
2, 3
Suppose z = -f - 0*f, 5*z - 5*f + 50 = 0. Let j = 28 + z. What are the prime factors of j?
23
Let a = 7 + 12. What are the prime factors of a?
19
Suppose -4*q = -7*q + 6. Suppose -5 = c - 4*b, -3 = 4*c + q*b - b. What are the prime factors of 4 + -2 - c*2?
2
Suppose 0*w = -4*w + 8. Let x be (-5)/((-3)/12*w). What are the prime factors of x/35 + 68/7?
2, 5
Let w(l) = l**3 - 2*l**2 + 4*l - 3. Let s be w(2). Suppose 0 = -4*h + s*h - 5. Suppose -25 = -h*a + c, -5*a - 5*c - 9 = -a. What are the prime factors of a?
2
Let f be (46/(-3))/(4/(-6)). Suppose 0 = -5*g - 18 + 93. Let c = f - g. List the prime factors of c.
2
Let d = -4 - -90. List the prime factors of d.
2, 43
Suppose h + 10 = 6*h. Suppose -2*b - h*b - y = -104, 0 = -2*y. What are the prime factors of b?
2, 13
List the prime factors of (-4*14/4)/(18/(-99)).
7, 11
Suppose -23 = -11*f + 10*f. What are the prime factors of f?
23
Suppose -2*a - 64 = o + 3*a, -240 = 3*o + 3*a. Let r = -41 - o. List the prime factors of r.
43
Let g be (-1*2)/(6/(-9)). Suppose q - 6 = g. What are the prime factors of q?
3
Let d = -55 - -111. List the prime factors of d.
2, 7
Let i(n) = -12*n + 4. Let q be i(-7). Suppose 2*u - q = -2*u. Suppose 3*x - 2*g - u = 0, -3*x + 6*x - 21 = 3*g. What are the prime factors of x?
2
Let v be (-188)/(-28) + (-6)/(-21). What are the prime factors of (4/(-1))/((-1)/v)?
2, 7
Let g(j) = 10*j**2 - 4*j - 3. Let x be g(-3). Suppose -5*d + x = -1. What are the prime factors of 5/d - (-46)/8?
2, 3
Let d(h) = 74*h**2 + h - 1. List the prime factors of d(-1).
2, 3
Let b = 2 - 2. Suppose 4*i + 6 + 6 = b, 4*u = i + 19. List the prime factors of u.
2
Suppose -3*r = -0*r. Suppose r = 5*g - 12 - 8. List the prime factors of g.
2
Suppose 1 = 2*n + 3*i, -4*n + 7*i - 31 = 2*i. What are the prime factors of (-3)/((-3)/n*-1)?
2
Let g be (-1)/((-1)/2) + 1. Suppose -g*f + 19 = 4. Suppose 0 = f*d - 1 - 9. What are the prime factors of d?
2
Let w(o) = o**2 + 5*o - 2. Let i be w(-8). Let r(x) = x**2 + 5*x - 6. Let s be r(-6). Suppose s = t + t - i. What are the prime factors of t?
11
Suppose -3*x + 6 = -2*x + d, 5*d - 21 = -2*x. What are the prime factors of x?
3
Suppose 0 = 4*b - 0*o - 3*o + 2, -5*o = -5*b. List the prime factors of (b - (-6)/4)*-16.
2
Let g = 42 + 83. What are the prime factors of g?
5
Let a = 168 - 60. Suppose 4*u + a - 32 = 0. Let s = -10 - u. What are the prime factors of s?
3
Suppose -2*h = 5*r - 7*h - 395, 0 = 4*h + 4. List the prime factors of r.
2, 3, 13
Suppose -8 = -2*w - 2*w. Suppose -n + 5 = -0*n. Suppose g + w*c + 0 = 4, 5*g - n*c - 50 = 0. What are the prime factors of g?
2
Let y = 49 + -34. List the prime factors of y.
3, 5
Suppose 0 = -3*g + w + 44, 2*g - 6*g = -5*w - 44. Suppose 4*m - 3*v - 138 = 0, 2*m = 2*v - g + 84. What are the prime factors of m?
2, 3
Let b(q) = 2*q**3 - 3*q**2 + 2*q - 2. Let j be b(2). Let w be (-15)/(-10)*424/j. List the prime factors of w/22 - (-20)/110.
5
Let g(h) be the first derivative of h**2/2 - 10. Suppose 4*d - 7 = 3*d. What are the prime factors of g(d)?
7
Suppose -672 = 4*x + 60. Let q be 4/6 - x/9. List the prime factors of -2*(1 - q/6).
5
Suppose 4*v - r = 13, -2*v + 0*r = -2*r - 2. Suppose -v*h = -i - 9, 6*i + h - 38 = 3*i. List the prime factors of i.
11
List the prime factors of -4 - (-142)/(-1 + 3).
67
Suppose -2*c + 3 + 3 = 0. Let f = 19 - c. List the prime factors of f.
2
Let p = -66 - -92. Suppose -5*q = 5*a - 45, -2*q + 6*q - a = p. List the prime factors of q.
7
Suppose 5*d + x = 117, d - 5*x - 63 = -d. List the prime factors of d.
2, 3
Suppose l = -0 - 1, 2*l = -3*x + 214. Suppose -3*h = -7*h + x. List the prime factors of h.
2, 3
Let b be (16 - 18)*(-7)/2. Suppose -u = 3*u - 56. What are the prime factors of 290/u + 2/b?
3, 7
Let f be 4/(-6)*6/(-2). Suppose -f*g + 12 = -3*g. Let k = -7 - g. List the prime factors of k.
5
Suppose 0 = -5*h - d - 4*d + 150, -162 = -5*h - d. List the prime factors of h.
3, 11
Let a be 2/((-1)/27*-2). Let o be 6/a + 2/(-9). Suppose 3*z = -o*z + 24. What are the prime factors of z?
2
Let h be (36/5)/((-6)/585). What are the prime factors of (-2)/(-7) - h/42?
17
Suppose 5*c + 10 = -0*o + 5*o, -8 = -3*c - 4*o. Suppose -2*t - 3*t + 75 = c. What are the prime factors of t?
3, 5
Let t(m) = m + 3. Let w be t(0). Suppose -5*l - u = -25, 5*l + 4*u - 13 = -w. Suppose -2*z = -l*z + 44. List the prime factors of z.
11
Let a(y) = 2*y**2 + 4*y + 3. Let r be a(-3). Suppose 3*x = 3*m - r, 0*m - 2*x + 9 = m. What are the prime factors of m?
5
Let m(h) = -h**3 + 10*h**2 - 4*h - 10. Let c = -3 - -12. What are the prime factors of m(c)?
5, 7
Suppose -4*b + 35 + 33 = 0. What are the prime factors of b?
17
Suppose 4*y = -4*x - 10 + 30, -5*y - 25 = -5*x. Suppose y = -5*w + 3*w + 4. Suppose 0*u - u = w*l - 19, -3*l = 2*u - 28. List the prime factors of l.
2, 5
Suppose -3*u = -0*u - 60. Suppose 0*l - 5*l + u = 0. Suppose 0 = -l*p + 22 + 2. What are the prime factors of p?
2, 3
Let b = -7 - -4. Let q = 7 + b. Suppose -26 = -q*j + 10. What are the prime factors of j?
3
Suppose -5*h - 4*m = -25, -3*m = 2*h + 2*m - 10. Let s be 4/(-8) - 2/(-4). Suppose s = -h*f + 62 - 27. What are the prime factors of f?
7
Suppose 2*i - 80 = -2*i. What are the prime factors of i?
2, 5
Let s = -7 - -22. What are the prime factors of s?
3, 5
Let k = 2 - -3. Suppose -3*n - 4*g = -36, -6*g + 3*g = k*n - 49. List the prime factors of n.
2
Let s(c) = c**3 - 6*c**2 + 3*c - 1. Let d be s(4). Let t be